2 + 7*p**2 + 18*p**3 - 8*p - 2. Suppose -5 = -a + 3*j, 4*a = 5*a - 5*j - 13. Determine g(a).
5
Suppose 2*j + 50 = 7*j. Suppose 5*k + 2*w = 5*w + 7, -4*k - 2*w = -j. Let i(q) = 0 - 3 + 3*q**2 + 1 - 5*q**2. Determine i(k).
-10
Let t(f) = -f**2 + 2*f**2 - 2 + f**2 + f. Let p be (108 - 114) + 2*2*1. Calculate t(p).
4
Suppose 8*n - 11*n + 51 = 0. Suppose -n - 25 = -7*b. Let y(q) = 4*q. Give y(b).
24
Let k(a) = -3*a**2 + a - 2. Suppose 3*r - 5*f - 12 = -1, 3*r - 5 = -f. Calculate k(r).
-12
Let g(f) = -10*f**2 + 5*f - 2. Let i(b) = -29*b**2 + 14*b - 6. Let j(p) = -17*g(p) + 6*i(p). Calculate j(-2).
-16
Let f(q) = -8*q**2 + 3 + 0 + 15*q**2 - 2*q + 0. Let n(m) = m**2 + 1. Let b = 15 + -9. Let s(t) = b*n(t) - f(t). Determine s(-2).
-5
Let h = -2248 - -2245. Let y(w) be the second derivative of -w**5/20 - w**4/12 + w**3/2 + w**2/2 - w. Give y(h).
10
Let l = 108 - 102. Let i(q) = 3*q - 15. What is i(l)?
3
Suppose 4*a = -a - 4*f - 37, a = -4*f - 17. Let u be (-18)/(-4) + 3/(-6). Let p(z) = -2*z + 11 + 5 + 3*z - u. Give p(a).
7
Let g be (-3)/2 - -2 - (-189)/42. Let a(j) be the first derivative of j**3/3 - 5*j**2/2 - 4*j + 1. What is a(g)?
-4
Suppose -3*b + 17 = 5. Let q(k) = 3*k + 2. Let u(w) be the first derivative of w + 2. Let g(m) = -q(m) + 3*u(m). What is g(b)?
-11
Let t(s) be the second derivative of s**5/20 - 7*s**4/12 - 4*s**3/3 + 46*s - 5. Suppose 0 = 6*y - 5*y - 8. Calculate t(y).
0
Let n(t) = 42*t**2 - 20*t + 7. Let d(q) = 8*q**2 - q + 2. Let w(j) = 5*d(j) - n(j). What is w(8)?
-5
Let g = 318 + -320. Let a(u) be the second derivative of u**5/30 - u**4/12 - u**3/3 + u**2 + 2*u. Let d(p) be the first derivative of a(p). What is d(g)?
10
Let m(j) = -j**2 + 2*j. Let n(g) = -g**2 - 4*g - 3. Let p(d) = 2*m(d) - n(d). Calculate p(9).
-6
Let i(x) = 11*x**2 - 6*x + 1. Let o(k) = 9*k**2 - 5*k + 1. Let c(u) = -3*i(u) + 4*o(u). Give c(4).
41
Suppose -6*u + 2*u = -24. Suppose 15 = -n + u*n. Let c(j) = -j - 3*j + j**n - 1 + 4 + 3*j**2. Determine c(-4).
3
Let l(a) = 6*a**3 + 5*a - 3*a**2 - 5*a + a - 7*a**3 - 4. Suppose -t - 5*g + 3 = 1, t - g = 2. Let v be 4/t + 24/(-4). What is l(v)?
8
Let u(z) = 3*z - 47 - 46 + 133 - 45. What is u(2)?
1
Let u(y) = -3*y**3 + y**2 - y. Let f(l) = 10*l**3 + 8*l**2 + 3*l + 12. Let d(m) = -f(m) - 3*u(m). Give d(-11).
-12
Let u(v) be the first derivative of -5*v**2/2 + 3*v + 63. What is u(3)?
-12
Let w(l) = 9*l**2 + l. Let d(k) = k**2 - k + 21. Let v be d(0). Let i be (3/(-2))/(v/140). Let u be ((-2)/i)/((-7)/(-35)). Calculate w(u).
10
Let v(o) = -33*o - 3. Let t be v(-1). Let a = 36 - t. Let f(q) = -2*q + 9. Determine f(a).
-3
Let q = -8 + 8. Let n = -3 - q. Let h(l) = -5*l + 51*l**2 - 52*l**2 + 1 + l. Calculate h(n).
4
Let j be ((-14)/12 + 2/3)*0. Let h(s) = -s**3 - s + 2. Let i be h(j). Let d(z) = -z**3 + 2*z**2 + 2*z - 1. What is d(i)?
3
Let f(n) = -4*n**3 + 2*n - 1. Suppose 5*a - 35 = -0*a. Let u = a - 4. Suppose -2*x = -5*x + u. Calculate f(x).
-3
Let c be (0/(-4))/(-5) + 3. Suppose -n = 1, -i - c*n = i + 7. Let w(t) = -t**2 - 2*t - 2. Determine w(i).
-2
Let z(n) be the first derivative of n**3/3 - 9*n**2/2 + 9*n - 9. Let l(u) = u - 1. Let o(w) = 5*l(w) + z(w). Determine o(4).
4
Let j(l) be the second derivative of 0 - 25*l - 1/2*l**4 + 5/2*l**2 + 1/3*l**3 + 1/20*l**5. Calculate j(4).
-19
Let m(v) = -2*v**3 - 3*v**2 + 1. Let z(q) = -11*q**3 + q**2 + 21*q + 23. Let k(w) = -6*m(w) + z(w). Calculate k(-18).
-37
Let d(x) = -5*x**2 - 5*x + 6. Let q(s) = 2*s**2 - 2*s**2 - 26*s - 6*s**2 + 7 + 20*s. Let o(f) = 7*d(f) - 6*q(f). Let k = 1 - 0. Give o(k).
2
Let d(y) = y**3 + 7*y**2 + 9*y + 8. Let x = -29 + 11. Let q = -24 - x. Give d(q).
-10
Suppose -4*f = -4*x + 8, 4*x = -f + 24 - 6. Let a(p) be the third derivative of 0 - 7/24*p**4 - 5*p**f - 7/6*p**3 + 1/60*p**5 + 0*p. What is a(7)?
-7
Suppose 0 = -v - 2 + 4. Let i(z) = -5 + 2*z**2 - z**2 + 4*z - 2*z**v. What is i(4)?
-5
Suppose 1589 - 1569 = -5*m. Let r(u) = -u**2 - 3*u + 5. What is r(m)?
1
Let y(b) = -6*b. Let v(j) = -j**3 - 3*j**2 + 5*j + 2. Let q be v(4). Let o = 89 + q. Give y(o).
6
Let b be (-16 - -1)/((-36)/24*2). Let m(o) be the first derivative of o**4/4 - 2*o**3 + 3*o**2 - 5*o + 1. What is m(b)?
0
Let j(q) be the first derivative of -q**4/4 + 4*q**3/3 - 2*q**2 + q + 23. What is j(3)?
-2
Let b = -3 + 4. Let t(q) = -q**3 - 8*q**2 - 2*q - 3. Let v(k) = 3*k**3 + 18*k**2 + 5*k + 7. Let p(c) = 7*t(c) + 3*v(c). Give p(b).
1
Suppose -6*x - 9 = -9*x. Let a(l) = -6*l + 2*l**2 - 2*l - x*l**2 + 9*l. Give a(2).
-2
Let t be ((-220)/(-300) - (-6)/(-15))*-18. Let j(i) = -i**3 - 6*i**2 - 4. Calculate j(t).
-4
Suppose 4*y - 2*y = 4*m - 4, 2*m + 10 = -y. Let k(v) = -v**2 - 6*v - 10. Let c(o) = 2*o**2 + 12*o + 28. Let g(f) = 2*c(f) + 5*k(f). Give g(y).
6
Let t(y) = 16*y - 14. Suppose -x = 2*d - 8, -5*d + 12 = 2*x - 9. Let b(r) = 3*r - 3. Let m(a) = x*t(a) + 11*b(a). Suppose -3 = 5*n - 18. Give m(n).
-2
Suppose 0 = -7*o + 290 + 81. Suppose -5*f + o = 18. Let u(t) = -2*t - 9. Give u(f).
-23
Let d = -453 - -447. Let g(a) = a**3 + 6*a**2 + 3. Give g(d).
3
Let v = -15 - -21. Let f(b) = 3*b - v*b**2 - 5*b + b. Calculate f(-1).
-5
Let y(b) = -1 - b**2 + 4*b**3 - 2*b + b**2. Let w = 10 - 2. Suppose -w = 2*s - 6. What is y(s)?
-3
Suppose 2*a = -2*a - 3*g + 17, 2*a + 2*g = 6. Let s be (-1)/(-2)*(-4 + a). Let w(k) = 3*k + 0*k + 2*k + 1 - 2. What is w(s)?
9
Let h be (0 + 0 - -8) + 4/2. Suppose -3*d + h = -d. Let q(u) = -u**3 + 6*u**2 - u. What is q(d)?
20
Let w(o) = 5*o**3 - 4*o**2 - 2*o**3 - 2*o**3 + 4. Give w(4).
4
Let o(i) = i**3 - 9*i**2 - 12*i + 13. Let m = -396 - -406. Give o(m).
-7
Suppose -3*h = -0*u + 2*u - 12, 0 = -4*u + 5*h + 2. Let i(g) = -76*g**u + 38*g**3 + 13 + g**2 + 39*g**3 + g. Let r be ((-2 - -2)/(-3))/(-2). What is i(r)?
13
Let d(s) = -8*s + 197 - 590 + s**2 + 189 + 195. Calculate d(7).
-16
Let v = -58 + 57. Let f(m) = -m - 2. Calculate f(v).
-1
Let t(o) = -39*o - 17. Let b be t(-3). Let w = 96 - b. Let f(q) = -2*q**2 - 3*q + 4. Calculate f(w).
-16
Let a(i) = -8*i - 9. Let t(c) = -c - 1. Let m = 34 - 40. Let d(h) = m*t(h) + a(h). Give d(-2).
1
Let x(n) be the first derivative of n**5/120 - n**4/4 - 11*n**3/3 + 9. Let p(c) be the third derivative of x(c). Calculate p(-7).
-13
Let o(w) = w**2 - 3*w - 7. Let c be (252/(-72))/(2/(-4)). Determine o(c).
21
Let p(o) = 5*o**3 + o - 2. Let r be (-8 + (-710)/(-90))/((-2)/18). Calculate p(r).
4
Let o(g) = 2*g**2 + 23*g - 18. Suppose -16 = c - 4. Give o(c).
-6
Let d(b) be the first derivative of -3*b**2 - 6*b + 12 + 1/3*b**3. Determine d(7).
1
Suppose 3*v - 56 = -0*d + 5*d, -4*d - 16 = 0. Let n(r) = r**3 - 11*r**2 - 11*r - 16. Determine n(v).
-4
Let f(c) = 26*c**3 - 19*c**3 - 1 + c**2 - 6*c**3 + 2 - c. What is f(-2)?
-1
Let z(c) = -c**3 - 9*c**2 - 8*c + 8. Let u be (-1 - 2) + (-4 - (-7 + 8)). Calculate z(u).
8
Let j(z) = 19*z**2 - 9*z + 19. Let c(o) = 7*o**2 - 3*o + 6. Let u(b) = 8*c(b) - 3*j(b). Give u(7).
-37
Let i(n) = -n**3 - 4*n**2 - 2*n - 4. Let u(h) = h**3 - 15*h**2 + h - 12. Let c be u(15). Suppose -x + f = -c*x - 8, 3*x - 4*f = -1. Calculate i(x).
-7
Let a(l) = -l**3 - 9 - 3*l**2 - 3*l - 15 - 7 + 41 + 13*l**2. What is a(10)?
-20
Let n(a) be the second derivative of a**6/360 + 7*a**4/24 + 19*a**3/6 + 14*a. Let m(f) be the second derivative of n(f). What is m(0)?
7
Suppose p - 4*j - 19 = 0, 2*p - 6*p + j = -16. Suppose -p*x + 56 = -10*x. Let g(b) = b + 10. What is g(x)?
2
Let h be ((-2)/(-1))/(2/7). Let i(m) = -8 - 5*m**2 + 7*m**2 - 3*m**2 + 5*m + 2*m. Calculate i(h).
-8
Suppose -2*z + 5*z - 14 = 4*n, 6 = n + 4*z. Let h(w) = 4*w**2 + 2*w + 1. Let v be h(-1). Let s(x) = -26*x**3 + v*x**2 - 3*x + 7*x + 28*x**3 + 2. Determine s(n).
-10
Let v(c) = -26 - 2*c - 166*c**2 - 7*c + 167*c**2. Calculate v(11).
-4
Let z(i) = i**3 + 1. Let w(b) = -b**2 + 16*b**2 - 11*b**2 - 9 - 4*b**3. Let r(t) = -w(t) - 5*z(t). Determine r(-3).
-5
Let z be 11 + -13 + -4 + 1. Let y = 10 + z. Let q(l) = l**2 + 14*l**3 - 5*l**2 - y - 5*l**3 - 8*l**3 - 6*l. Give q(5).
-10
Let b(t) be the third derivative of t**5/60 + 7*t**4/24 - 185*t**2. Let x(c) = -c**3 + 3*c - 3. Let j be x(2). Give b(j).
-10
Let n(r) = -r - 2. Let o be (8/(-12))/(-2 - (-10)/6). Suppose 2*b - 1 = 3*h, b + h - o - 1 = 0. What is n(b)?
-4
Suppose -6 = 3*g - 0*g. Let d(a) = -4*a + 3. Let p(k) = 2*k + 9